nd 2526.
3
Calculate the highest common divisor of 144109 and 34.
17
Calculate the highest common divisor of 23 and 54671.
23
Calculate the highest common divisor of 46 and 99452.
46
Calculate the greatest common factor of 6180 and 5190.
30
Calculate the highest common factor of 65262 and 2190.
438
What is the greatest common factor of 30 and 24320?
10
What is the greatest common factor of 20111 and 1309?
119
What is the greatest common factor of 15 and 91865?
5
Calculate the highest common divisor of 1746 and 59558.
194
Calculate the highest common divisor of 3275 and 425.
25
Calculate the highest common divisor of 1832588 and 152.
76
Calculate the highest common divisor of 15215 and 2431.
17
Calculate the greatest common factor of 682250 and 10.
10
Calculate the highest common factor of 4118 and 4843.
29
What is the greatest common factor of 20150 and 156?
26
Calculate the greatest common divisor of 39543 and 441.
147
Calculate the highest common divisor of 3195 and 328233.
213
What is the highest common divisor of 28991 and 2120?
53
Calculate the greatest common divisor of 790 and 37920.
790
Calculate the highest common divisor of 796 and 351633.
199
What is the highest common divisor of 32804 and 40588?
556
Calculate the greatest common factor of 334834 and 58.
58
What is the highest common factor of 210580 and 40?
20
What is the highest common factor of 14496 and 22?
2
Calculate the greatest common divisor of 135 and 38961.
27
What is the highest common factor of 44 and 82696?
4
What is the highest common factor of 115 and 8131535?
115
What is the highest common factor of 639 and 5325?
213
Calculate the highest common divisor of 6015 and 60.
15
What is the highest common factor of 67572 and 4?
4
Calculate the greatest common divisor of 110 and 2013660.
110
What is the highest common factor of 58 and 43181?
29
Calculate the greatest common divisor of 5108 and 184.
4
Calculate the greatest common factor of 88 and 308099.
11
What is the greatest common divisor of 614 and 310991?
307
What is the greatest common divisor of 64 and 3595104?
32
Calculate the highest common factor of 198 and 20106.
18
What is the highest common divisor of 10254 and 66?
6
Calculate the greatest common factor of 51 and 209695.
17
Calculate the highest common divisor of 72133 and 53.
53
What is the greatest common factor of 56363 and 1099?
157
What is the greatest common factor of 808806 and 174?
6
What is the highest common divisor of 12579 and 7?
7
Calculate the greatest common factor of 5872 and 1024.
16
Calculate the greatest common factor of 9270 and 8190.
90
What is the greatest common factor of 7 and 147399?
7
Calculate the highest common factor of 5 and 15420.
5
What is the greatest common factor of 3078 and 34101?
81
Calculate the greatest common factor of 1261055 and 1.
1
Calculate the highest common divisor of 45342 and 275.
11
Calculate the highest common divisor of 344 and 712.
8
What is the greatest common factor of 9285 and 81?
3
Calculate the highest common divisor of 61 and 16409.
61
What is the highest common factor of 2252 and 131179?
563
What is the greatest common factor of 333603 and 28482?
303
What is the greatest common factor of 897 and 4715?
23
Calculate the highest common divisor of 833 and 13867.
49
What is the highest common divisor of 137538 and 61722?
486
What is the highest common factor of 105448 and 66248?
392
What is the greatest common divisor of 15120 and 1520?
80
Calculate the highest common factor of 236140 and 20.
20
Calculate the highest common divisor of 272650 and 738.
82
What is the greatest common divisor of 1375 and 4587?
11
What is the greatest common factor of 2546 and 95006?
134
Calculate the greatest common factor of 98 and 759794.
98
Calculate the highest common factor of 144 and 38538.
18
Calculate the greatest common factor of 31348 and 1054.
34
Calculate the highest common divisor of 13656 and 102.
6
What is the highest common factor of 3638226 and 8805?
1761
What is the greatest common factor of 686202 and 154?
22
What is the greatest common factor of 2626915 and 1685?
1685
Calculate the greatest common factor of 6061 and 25289.
209
What is the greatest common factor of 1540 and 17864?
308
Calculate the highest common factor of 295470 and 2450.
490
What is the greatest common factor of 79704 and 162?
162
Calculate the greatest common factor of 8613 and 1386.
99
What is the highest common factor of 630623 and 14?
7
Calculate the greatest common factor of 74040 and 400.
40
Calculate the highest common divisor of 2054 and 29704.
158
Calculate the highest common factor of 277713 and 9.
9
Calculate the greatest common divisor of 86153 and 808.
101
Calculate the greatest common factor of 11021 and 16799.
107
What is the highest common factor of 24 and 1230132?
12
What is the greatest common factor of 3011489 and 7553?
1079
What is the highest common factor of 54 and 5938?
2
Calculate the greatest common divisor of 291110 and 8170.
430
What is the greatest common factor of 17171 and 231?
77
What is the greatest common divisor of 45 and 11130?
15
Calculate the greatest common factor of 84 and 466508.
28
Calculate the highest common factor of 4860 and 4260.
60
Calculate the greatest common factor of 329 and 977459.
329
What is the greatest common divisor of 58 and 45472?
58
Calculate the greatest common factor of 532 and 21128.
76
Calculate the highest common divisor of 833554 and 8189.
431
What is the highest common divisor of 1729 and 44863?
91
Calculate the highest common factor of 3 and 413118.
3
What is the greatest common divisor of 48 and 32505?
3
What is the highest common factor of 4096 and 656?
16
Calculate the greatest common factor of 1308 and 25179.
327
Calculate the greatest common factor of 30 and 84285.
15
Calculate the highest common divisor of 560 and 50060.
20
Calculate the highest common factor of 154 and 99550.
22
Calculate the highest common divisor of 122181 and 1465.
293
What is the highest common divisor of 896 and 1862?
14
What is the greatest common factor of 100881 and 297?
99
What is the highest common divisor of 161777 and 924?
77
Calculate the greatest common divisor of 295641 and 3852.
963
What is the highest common divisor of 13590 and 1440?
90
What is the greatest common divisor of 939 and 113306?
313
Calculate the greatest common factor of 665694 and 72.
18
What is the greatest common divisor of 44932 and 46127?
239
Calculate the highest common factor of 37092 and 3564.
132
What is the greatest common divisor of 110895 and 15?
15
What is the greatest common divisor of 333 and 52392?
111
Calculate the highest common factor of 846 and 282282.
282
Calculate the greatest common factor of 313830 and 770.
110
What is the greatest common factor of 69692 and 120764?
532
Calculate the greatest common factor of 602 and 23688.
14
What is the highest common factor of 9882 and 5184?
162
Calculate the greatest common divisor of 197180 and 130.
10
Calculate the highest common divisor of 3103991 and 3147.
1049
What is the highest common factor of 4690 and 2030?
70
What is the highest common factor of 94 and 124174?
94
What is the greatest common divisor of 3744 and 5472?
288
What is the greatest common divisor of 448 and 29632?
64
Calculate the highest common divisor of 86 and 373627.
43
Calculate the highest common divisor of 1347114 and 470.
94
Calculate the highest common divisor of 105 and 935760.
105
What is the greatest common divisor of 287 and 82123?
41
Calculate the highest common factor of 7381 and 5551.
61
Calculate the greatest common divisor of 870 and 18125.
145
What is the greatest common factor of 91 and 61243?
91
Calculate the highest common factor of 3534 and 184357.
589
What is the highest common divisor of 77142 and 52?
26
What is the greatest common divisor of 28408 and 80936?
536
What is the greatest common divisor of 1066 and 4488926?
1066
Calculate the greatest common divisor of 1218 and 280938.
42
What is the greatest common divisor of 542834 and 804?
134
Calculate the greatest common factor of 62667 and 594.
297
Calculate the highest common divisor of 290 and 4350.
290
Calculate the highest common factor of 143 and 33209.
11
Calculate the highest common divisor of 50 and 3